g**5/30 + 17*g**4/8 - 2*g**3/3 + 3546*g**2. Determine q(17).
-4
Suppose -5*c = 13*p - 14*p - 4, 2*c = 5*p - 3. Let k(f) = p - 12382*f - f**2 + 12377*f - 4 - 6. What is k(-4)?
-5
Let v(b) = b - 1. Let a = -6 + 7. Let t(y) = y**3 - a - 9*y + 19*y**2 + 5*y - 16*y. Let f be t(-20). Give v(f).
-2
Let q(c) = 31*c + 25. Let k(f) = 15*f + 15. Let l(j) = 15*j - 237. Let h be l(16). Let r(t) = h*q(t) - 5*k(t). Give r(-2).
-36
Let n(t) = -t**3 - 16*t**2 - 26*t + 2. Let l be n(-2). Let u(m) = -m**3 + 3*m**2 + 2*m. Calculate u(l).
16
Let s(n) = -2*n + 34. Let g(u) = -3*u - 21. Let x(c) = -c - 1. Let o(z) = g(z) - 4*x(z). Let b(d) = -5*o(d) - 3*s(d). Calculate b(9).
-8
Let p(d) = -200*d**3 - d**2 + 3*d - 2. Let v be p(1). Let b = 194 + v. Let g(c) = 4*c + 15. Determine g(b).
-9
Let i(m) = 2*m**3 - 11*m**2 + 10*m + 3. Let r(y) = -4*y**3 + 9*y**2 - 8*y - 3. Let o(s) = 6*i(s) + 7*r(s). Calculate o(2).
-135
Let u(b) = -7*b - 3 - 2 - 6. Let z(l) = -4*l - 5. Let o(k) = 3*u(k) - 5*z(k). Let h be (98/(-343))/((-2)/(-70)). Calculate o(h).
2
Let b(s) be the first derivative of -s**4/4 + 5*s**3/3 + 7*s**2/2 - 3*s + 26. Let v = -32 + 38. Give b(v).
3
Let z(y) = y**2 + 7*y - 2. Let l be (0/2)/((-4)/2). Suppose 46 = 30*m - 44. Suppose m*q + 4*g = -35, l = 5*q - 2*g + 4*g + 35. Give z(q).
-12
Let l(v) = 2*v + 13. Suppose -3*t - h - 24 = -27, -12 = 4*h. Suppose 2*o - 126*n = -121*n - 3, 2*n - 12 = t*o. Calculate l(o).
-5
Let k(u) be the second derivative of -9/2*u**2 + 0 + 2*u + 1/6*u**3. Calculate k(5).
-4
Let s(w) be the second derivative of w**2 + 0 + 2*w + 1/3*w**3. Let b be 34/10 - (-297)/495. Give s(b).
10
Let j(u) be the second derivative of -1/240*u**6 + 0*u**2 + 0*u**5 + 19*u + 0 + 7/4*u**4 + 0*u**3. Let c(p) be the third derivative of j(p). What is c(5)?
-15
Suppose y = -4*y - 20. Let n(q) be the first derivative of 1/3*q**3 - 4*q - 64 + 5/2*q**2. Determine n(y).
-8
Let g(l) = -4*l**2 - 2*l + 10. Let p(w) be the second derivative of 5*w**4/12 + w**3/6 - 11*w**2/2 + 60*w. Let z(k) = 4*g(k) + 3*p(k). What is z(-6)?
1
Let h(m) = m - 7. Let a(c) = 11*c**2 - 15. Let j be a(-3). Let k be (-6)/(-8) - (-189)/j. Determine h(k).
-4
Let q = 30890 + -30874. Let a(d) = 6*d - 84. Determine a(q).
12
Let q(h) be the first derivative of -1/4*h**4 - h - 5*h**2 - 3*h**3 + 125. Calculate q(-8).
15
Let l(v) = -v**3 - 3*v**2 + 417*v + 14. Let k be l(19). Let d(y) = 11*y + 37. Calculate d(k).
-18
Let k be ((-108)/(-162))/(6/(-27)). Let z(c) = -4*c**3 - 6*c**2 + 4*c + 4. Let o(q) = -3*q**3 - 5*q**2 + 3*q + 4. Let h(b) = 5*o(b) - 4*z(b). Give h(k).
-29
Let z(q) = 32 - 12 - 14 - 7. Let w(o) = 2*o + 12. Let c(g) = -w(g) - 5*z(g). Let t = 2 + -9. What is c(t)?
7
Let g(m) = -m - 10. Let r(v) = 2*v**2 + 6*v + 5. Let k be r(-6). Suppose -4*p + 33 - k = 0. Let q(n) = 1. Let a(t) = p*g(t) - 22*q(t). Determine a(-2).
-6
Suppose 0 = 3*m - 0*b + 2*b - 17, -10 = 5*b. Let j(h) = 3*h**2 - 20 - 2*h**2 - 3*h + h + m*h. Let a be j(-7). Let g(u) = -u**3 - 5*u**2 + 4*u. Calculate g(a).
12
Let s(l) = l. Let m be (-10)/(-8) - 126/(-72) - 12. Calculate s(m).
-9
Let d(p) = -464*p**2 + 2*p + 166*p**2 - 12 - p + 154*p**2 + 145*p**2. Let f = 12 + -17. Give d(f).
8
Suppose 0 = -22*j + 21*j - 3. Let h be 1*(-10 + 4/1). Let a(r) = -5*r. Let z(b) = 5*b. Let p(o) = h*z(o) - 5*a(o). Calculate p(j).
15
Let n(x) = 22*x**3 + 3*x**2 + 19*x**3 + 18*x**3 - x - 60*x**3. Suppose 10 = h - 6*h, 0 = -4*w + h - 2. Let q = 2 + w. Determine n(q).
1
Let p(o) = -141*o**2 - 27*o - 46. Let q(j) = 168*j**2 + 28*j + 48. Let a(l) = 6*p(l) + 5*q(l). Calculate a(-2).
-16
Let g(x) = 267*x + 264*x + 2 - 811*x + 273*x. Let f = -19 - -24. Give g(f).
-33
Let p(v) = v**3 + 25*v**2 + 21*v - 63. Let h be p(-24). Suppose 22*m - 229 = -h. Let d(j) be the third derivative of -j**4/24 + j**3 - j**2. Calculate d(m).
-4
Let r(b) be the second derivative of b**5/10 + 13*b**4/12 - 53*b**3/6 - 321*b**2/2 + 14652*b. Determine r(-7).
1
Let r(u) = 3*u**3 - u**2 - u + 1. Let a be r(1). Let l(o) = 3 + 15 - 3*o - 2*o**3 + 5 + 2*o**a - 21. What is l(2)?
-12
Let s(p) = -5*p**3 - 3*p - 363 - 484 - 12*p**2 + 850 - 13*p**2. Determine s(-5).
18
Let s(l) = 2*l - 24. Let c(a) = -76*a - 523. Let n be c(-7). Give s(n).
-6
Let a(y) = -y**2 - 12*y + 14. Suppose -c + 32*j - 28*j = -29, 0 = c - j - 8. Determine a(c).
1
Let x(t) = 3*t**2 - 12*t + 6. Let c(s) = s**2 - 336*s - 5261. Let a be c(-15). Determine x(a).
6
Let k(r) = -4*r + 0*r + 617*r**2 - 24*r**3 - 1262*r**2 + 643*r**2 - 3. Determine k(-1).
23
Suppose -1 = 5*m + 29. Let v(n) be the third derivative of n**4/24 - 7*n**3/3 + 56035*n**2. Determine v(m).
-20
Let o(m) be the second derivative of m**7/2520 - m**6/45 + 13*m**5/120 + 31*m**4/12 - 21*m. Let u(n) be the third derivative of o(n). Determine u(15).
-2
Let j(t) = -t**3 + 2*t**2 - 1. Let s(n) = -36*n - 89 + 4*n**2 + 0*n**2 - 5*n**2 + 23. Let q be s(-34). Give j(q).
-1
Let m(o) = 23 - 5*o + 13 - 6*o + 4*o - o. Give m(4).
4
Let z(s) = -4*s + 0*s - 13 - 5*s + 7*s - 5. Determine z(0).
-18
Let f = -75 - -83. Suppose -3*y + 3*o - 48 = -f*y, 0 = -4*y + 3*o + 33. Let c be (-9 + 8)*(y + 0). Let d(w) = -3*w - 12. What is d(c)?
15
Suppose 0 = 264*u - 4 + 4. Let o(a) be the second derivative of -2/3*a**3 + 0*a**2 + u - 6*a. What is o(2)?
-8
Let z(m) be the third derivative of m**6/120 + m**5/10 + m**4/24 - 2*m**3/3 + 2*m**2. Suppose 0 = -4*p - 3*l - 14, -3*p + l - 16 = 1. Give z(p).
16
Let m(k) = -k**3 - 9*k**2 - 2. Suppose -2*h - 42 = -4*u, -7*h + 9*h = u - 24. Give m(h).
-2
Suppose k + 166 - 162 = 3*f, -5*k - f = -44. Let r(i) be the first derivative of -i**4/4 + 8*i**3/3 + i**2/2 + 8*i - 2. What is r(k)?
16
Let m(n) be the third derivative of -n**6/120 - n**5/60 - n**4/12 - n**3/2 - 3197*n**2. What is m(3)?
-45
Let w(o) = -4*o - 3. Let t = -77 + 84. Suppose 14*j = t*j - 63. Let g = 2 + j. What is w(g)?
25
Let d(o) = 5 - 4*o**2 - 5*o**2 - o**3 + 5*o**2. Let t = 12087 + -12091. Determine d(t).
5
Let n(m) be the third derivative of -21*m**2 + 1/720*m**6 + 0*m**3 + 0 - 7/12*m**4 + 0*m + 1/30*m**5. Let z(s) be the second derivative of n(s). Calculate z(0).
4
Suppose 5*o - 2*t + 3*t = 21, -2*t + 2 = 0. Let x(s) = 6*s**3 - 5*s**3 - 5*s**2 + 6*s**2 + 0*s - 4*s - 3*s**2. Determine x(o).
16
Let t = 13 - 9. Let a(w) = 5*w + 10 - 2*w - t*w. Let k(d) = 5*d**2 - 22*d + 15. Let g be k(4). Determine a(g).
3
Let u(l) = -10*l + 90 + 0*l**2 - 7*l**2 + l**3 - 2*l**2 - 87. Let c be u(10). Let n(r) = 5*r - 8*r**2 - 447 + 457 + 0*r**c + r**3. Give n(7).
-4
Let j(r) = 14*r**3 - 83*r**2 - 3*r - 10. Let w be j(6). Let z(c) = -c**3 + 8*c**2 + 2*c - 9. Give z(w).
7
Let x(o) = -3*o - 143. Suppose -4*k = -221*s + 219*s + 180, -3*k + s - 134 = 0. Determine x(k).
-11
Let x(d) = -68*d**2 + 4*d + 3. Let t = -27407 - -27406. Determine x(t).
-69
Let q be 11/(22/(-32)) + -2. Let x be 2 + (-11)/(33/q). Suppose -x*f = -0*f + 40. Let s(b) = b**2 + 5*b - 4. Give s(f).
-4
Let d(i) be the second derivative of i**5/20 - i**4 + 6*i**3 - 3*i**2 - 9060*i. Calculate d(7).
1
Let y(h) be the third derivative of -4/3*h**3 - 7/60*h**5 - 16 + 0*h - 2*h**2 - 1/120*h**6 - 3/8*h**4. What is y(-6)?
10
Let h(k) = 9*k**2 + 6*k - 3*k**3 + 3837 + 4*k**3 - 3838. Calculate h(-4).
55
Suppose 5*o = 3*u - 48, -11*u + 3*o + 64 = -7*u. Let d be (u/24 - 1)*6. Let s(n) = -6*n**2 - 2. Determine s(d).
-26
Let f(x) = -76*x. Let g(s) = 105*s + 1. Let r(a) = 3*f(a) + 2*g(a). Calculate r(-2).
38
Let m(f) be the first derivative of -17/2*f**2 + 6*f + 200 + 10/3*f**3 - 1/4*f**4. Determine m(8).
-2
Suppose 36 = 130*u - 94. Let n(t) = -5*t**2 + 5*t**2 + 1 + 7*t**2 - t. Determine n(u).
7
Suppose 21*r + 32 = 29*r. Let a(k) = -4*k - r*k + 11*k. Calculate a(4).
12
Let g(a) = a**3 + 10*a**2 + 10*a - 2. Let q(p) = -p**3 - 73*p**2 - 71*p + 63. Let u be q(-72). Determine g(u).
-11
Let i(h) = h + 6. Let j be (5/(-15))/(((-4)/72)/(4 - -2)). Let l = 54 + -95. Let t = l + j. What is i(t)?
1
Let h(l) = -3*l**2 + 49*l - 173. Let s be h(5). Let u(x) = 11*x + 16. Calculate u(s).
-17
Suppose 4 = -o - 12*t + 9*t, t = -2. Let k(n) be the first derivative of n**4/2 - 2*n**3/3 - n**2/2 - n + 1. What is k(o)?
5
Let m be -5*((-136)/40 + 5) + 2. Let k(q) = -4*q - 33. Calculate k(m).
-9
Let k(o) be the first derivative of 2*o**2 - 6*o - 117126. Suppose -4*q + 7 = 2*t - 9, -